{"id":1120,"date":"2022-08-29T22:34:23","date_gmt":"2022-08-30T01:34:23","guid":{"rendered":"https:\/\/dirgrad.dv.utfpr.edu.br\/site\/?page_id=1120"},"modified":"2022-08-29T22:34:23","modified_gmt":"2022-08-30T01:34:23","slug":"calem","status":"publish","type":"page","link":"https:\/\/dirgrad.dv.utfpr.edu.br\/site\/calem\/","title":{"rendered":"CALEM"},"content":{"rendered":"\n<p>O Centro Acad\u00eamico de L\u00ednguas Estrangeiras Modernas &#8211; CALEM, no Campus Dois Vizinhos da UTFPR oferta cursos de l\u00ednguas estrangeiras desde o ano de 2013.<\/p>\n\n\n\n<p>No CALEM, o aluno encontra professores qualificados e os cursos s\u00e3o gratuitos!<\/p>\n\n\n\n<p>As turmas s\u00e3o semestrais e as matr\u00edculas acontecem por meio de edital lan\u00e7ado pela DIRGRAD todo in\u00edcio de semestre.<\/p>\n\n\n\n<p>Os cursos s\u00e3o destinados a atender, prioritariamente, os alunos de gradua\u00e7\u00e3o, p\u00f3s-gradua\u00e7\u00e3o e servidores da UTFPR-DV. As aulas acontecem no pr\u00f3prio Campus da UTFPR de Dois Vizinhos, em diferentes n\u00edveis de profici\u00eancia e hor\u00e1rios. Portanto, podem ingressar alunos sem nenhum conhecimento e tamb\u00e9m aqueles que j\u00e1 estudaram anteriormente e desejam seguir estudando a l\u00edngua. Nesse caso, esse aluno passa por teste de nivelamento para encontrar a turma adequada, de acordo com seu conhecimento.<\/p>\n\n\n\n<p><\/p>\n\n\n\n<p>No Ingl\u00eas, temos tr\u00eas modalidades:<\/p>\n\n\n\n<p><strong>Modalidade 1<\/strong><\/p>\n\n\n\n<p>Essa modalidade tem como objetivo desenvolver as 04 habilidades necess\u00e1rias \u00e0 aquisi\u00e7\u00e3o de uma l\u00edngua estrangeira: compreens\u00e3o escrita (reading), compreens\u00e3o auditiva (listening), produ\u00e7\u00e3o oral (speaking) e produ\u00e7\u00e3o escrita (writing). Essa modalidade \u00e9 dividida em 8 n\u00edveis, totalizando uma carga hor\u00e1ria de 300 horas\/aula.<\/p>\n\n\n\n<p><strong>Modalidade 2<\/strong><\/p>\n\n\n\n<p>Essa modalidade, Ingl\u00eas- Leitura para fins espec\u00edficos, tem como foco desenvolver a habilidade de compreens\u00e3o da escrita, ou seja, a leitura (reading). As outras habilidades comunicativas tamb\u00e9m s\u00e3o envolvidas no curso, mesmo que com menor \u00eanfase, pois na pr\u00e1tica elas n\u00e3o aparecem separadamente. Essa modalidade \u00e9 dividida em 4 n\u00edveis, totalizando uma carga hor\u00e1ria de 150 horas\/aula.<\/p>\n\n\n\n<p><strong>Modalidade 3<\/strong><\/p>\n\n\n\n<p>Essa modalidade tem como foco desenvolver a habilidade de produ\u00e7\u00e3o oral (speaking), a fala. As outras habilidades comunicativas tamb\u00e9m s\u00e3o envolvidas no curso, mesmo que com menor \u00eanfase, pois na pr\u00e1tica elas n\u00e3o aparecem separadamente. Essa modalidade \u00e9 dividida em 6 n\u00edveis, totalizando uma carga hor\u00e1ria de 192 horas\/aula.<\/p>\n\n\n\n<p><\/p>\n\n\n\n<p>O CALEM oferta, frequentemente, cursos de l\u00edngua inglesa. Tamb\u00e9m j\u00e1 ofertou cursos de l\u00edngua alem\u00e3 e de l\u00edngua francesa.<\/p>\n\n\n\n<p>Al\u00e9m dos cursos regulares de l\u00ednguas, o CALEM-DV realiza exames de profici\u00eancia para alunos de p\u00f3s-gradua\u00e7\u00e3o, eventos culturais e cient\u00edficos.<\/p>\n\n\n\n<p><\/p>\n\n\n\n<p>E-mail:&nbsp;&nbsp;&nbsp;<a href=\"mailto:calem-dv@utfpr.edu.br\" target=\"_blank\" rel=\"noreferrer noopener\">calem-dv@utfpr.edu.br<\/a><\/p>\n","protected":false},"excerpt":{"rendered":"<p>O Centro Acad\u00eamico de L\u00ednguas Estrangeiras Modernas &#8211; CALEM, no Campus Dois Vizinhos da UTFPR oferta cursos de l\u00ednguas estrangeiras &hellip; <\/p>\n","protected":false},"author":3,"featured_media":0,"parent":0,"menu_order":0,"comment_status":"closed","ping_status":"closed","template":"","meta":[],"_links":{"self":[{"href":"https:\/\/dirgrad.dv.utfpr.edu.br\/site\/wp-json\/wp\/v2\/pages\/1120"}],"collection":[{"href":"https:\/\/dirgrad.dv.utfpr.edu.br\/site\/wp-json\/wp\/v2\/pages"}],"about":[{"href":"https:\/\/dirgrad.dv.utfpr.edu.br\/site\/wp-json\/wp\/v2\/types\/page"}],"author":[{"embeddable":true,"href":"https:\/\/dirgrad.dv.utfpr.edu.br\/site\/wp-json\/wp\/v2\/users\/3"}],"replies":[{"embeddable":true,"href":"https:\/\/dirgrad.dv.utfpr.edu.br\/site\/wp-json\/wp\/v2\/comments?post=1120"}],"version-history":[{"count":1,"href":"https:\/\/dirgrad.dv.utfpr.edu.br\/site\/wp-json\/wp\/v2\/pages\/1120\/revisions"}],"predecessor-version":[{"id":1121,"href":"https:\/\/dirgrad.dv.utfpr.edu.br\/site\/wp-json\/wp\/v2\/pages\/1120\/revisions\/1121"}],"wp:attachment":[{"href":"https:\/\/dirgrad.dv.utfpr.edu.br\/site\/wp-json\/wp\/v2\/media?parent=1120"}],"curies":[{"name":"wp","href":"https:\/\/api.w.org\/{rel}","templated":true}]}}

<p>O Centro Acadêmico de Línguas Estrangeiras Modernas &#8211; CALEM, no Campus Dois Vizinhos da UTFPR oferta cursos de línguas estrangeiras desde o ano de 2013.</p>



<p>No CALEM, o aluno encontra professores qualificados e os cursos são gratuitos!</p>



<p>As turmas são semestrais e as matrículas acontecem por meio de edital lançado pela DIRGRAD todo início de semestre.</p>



<p>Os cursos são destinados a atender, prioritariamente, os alunos de graduação, pós-graduação e servidores da UTFPR-DV. As aulas acontecem no próprio Campus da UTFPR de Dois Vizinhos, em diferentes níveis de proficiência e horários. Portanto, podem ingressar alunos sem nenhum conhecimento e também aqueles que já estudaram anteriormente e desejam seguir estudando a língua. Nesse caso, esse aluno passa por teste de nivelamento para encontrar a turma adequada, de acordo com seu conhecimento.</p>



<p></p>



<p>No Inglês, temos três modalidades:</p>



<p><strong>Modalidade 1</strong></p>



<p>Essa modalidade tem como objetivo desenvolver as 04 habilidades necessárias à aquisição de uma língua estrangeira: compreensão escrita (reading), compreensão auditiva (listening), produção oral (speaking) e produção escrita (writing). Essa modalidade é dividida em 8 níveis, totalizando uma carga horária de 300 horas/aula.</p>



<p><strong>Modalidade 2</strong></p>



<p>Essa modalidade, Inglês- Leitura para fins específicos, tem como foco desenvolver a habilidade de compreensão da escrita, ou seja, a leitura (reading). As outras habilidades comunicativas também são envolvidas no curso, mesmo que com menor ênfase, pois na prática elas não aparecem separadamente. Essa modalidade é dividida em 4 níveis, totalizando uma carga horária de 150 horas/aula.</p>



<p><strong>Modalidade 3</strong></p>



<p>Essa modalidade tem como foco desenvolver a habilidade de produção oral (speaking), a fala. As outras habilidades comunicativas também são envolvidas no curso, mesmo que com menor ênfase, pois na prática elas não aparecem separadamente. Essa modalidade é dividida em 6 níveis, totalizando uma carga horária de 192 horas/aula.</p>



<p></p>



<p>O CALEM oferta, frequentemente, cursos de língua inglesa. Também já ofertou cursos de língua alemã e de língua francesa.</p>



<p>Além dos cursos regulares de línguas, o CALEM-DV realiza exames de proficiência para alunos de pós-graduação, eventos culturais e científicos.</p>



<p></p>



<p>E-mail:&nbsp;&nbsp;&nbsp;<a href="mailto:calem-dv@utfpr.edu.br" target="_blank" rel="noreferrer noopener">calem-dv@utfpr.edu.br</a></p>

<p>O Centro Acadêmico de Línguas Estrangeiras Modernas &#8211; CALEM, no Campus Dois Vizinhos da UTFPR oferta cursos de línguas estrangeiras &hellip; </p>
